40233334 - -4?
33040233343
In base 8, what is -114507 + -4306?
-121015
In base 4, what is -1103033 - -10133213?
3030120
In base 8, what is 31 + 350254?
350305
In base 7, what is -44642134 - -241?
-44641563
In base 11, what is -4 + 3a4510?
3a4507
In base 13, what is 5a14 + 21a?
5c31
In base 4, what is -13000101122 + 21?
-13000101101
In base 5, what is 1313421 - -3142332?
10011303
In base 5, what is -1 + 1412121333?
1412121332
In base 15, what is 2 - 327028d?
-327028b
In base 3, what is 10 - -21111200211202?
21111200211212
In base 7, what is -311330 + -114?
-311444
In base 14, what is c61d + dbd?
d5dc
In base 8, what is 45015672 + -32?
45015640
In base 16, what is 1e97bdf3 - -5?
1e97bdf8
In base 6, what is -102 - 235033134?
-235033240
In base 6, what is -2520 + -235503?
-242423
In base 8, what is 3643677 + -73?
3643604
In base 12, what is -2656 - -5105?
266b
In base 3, what is 10 - -21001110221121?
21001110221201
In base 8, what is -23642075 + 5?
-23642070
In base 2, what is -111010 - -10011111111100110?
10011111110101100
In base 11, what is -2 - 2164345?
-2164347
In base 10, what is -12168364 + 6?
-12168358
In base 3, what is 20220 + 2111000210?
2111021200
In base 10, what is -422282278 + 2?
-422282276
In base 12, what is -1589321 + -13?
-1589334
In base 9, what is 10 - -2556554?
2556564
In base 5, what is 230034 - 412134?
-132100
In base 3, what is 201012 + -22121021?
-21220002
In base 10, what is -7 - 6463247?
-6463254
In base 12, what is 498 + 18bb35?
190411
In base 16, what is 7f7cfac + 0?
7f7cfac
In base 13, what is 243494c - -5?
2434954
In base 2, what is 1110110010110110 - -110101?
1110110011101011
In base 6, what is -32433023043 - 0?
-32433023043
In base 15, what is -50c + 1d08?
17eb
In base 11, what is -59523 + -343?
-59866
In base 5, what is -10 + -1442202023?
-1442202033
In base 10, what is 5238566 - 5?
5238561
In base 6, what is 34 - 1320234534?
-1320234500
In base 5, what is -1044400 + -4202?
-1104102
In base 16, what is 1e62a + -bc3?
1da67
In base 11, what is 609 - 23472?
-22964
In base 3, what is -11 - -1011210212122?
1011210212111
In base 12, what is -50 + -23707?
-23757
In base 4, what is -330 - -2230211030?
2230210100
In base 4, what is -11 - -1231010223322?
1231010223311
In base 15, what is -2bdb852 - -2?
-2bdb850
In base 11, what is 7354 + -43502?
-37159
In base 12, what is 279a + 3b880?
4245a
In base 16, what is -1ba54 - -dc?
-1b978
In base 14, what is 1d7a4d1 + 2?
1d7a4d3
In base 5, what is 1140230104 + -40?
1140230014
In base 13, what is 159 - -2ca11?
2cb6a
In base 8, what is 13015070052 + 0?
13015070052
In base 15, what is -4e9e0e2 + 3?
-4e9e0de
In base 10, what is 4 - 12997915?
-12997911
In base 14, what is 4 - 727284a?
-7272846
In base 13, what is 500a478 + -4?
500a474
In base 13, what is -1723c9680 + -1?
-1723c9681
In base 11, what is -151 + 14425?
14284
In base 11, what is -800150a - -4?
-8001506
In base 14, what is -1ba - 1d2dd0?
-1d31aa
In base 2, what is 110100111100111111 - 1100001110?
110100110000110001
In base 8, what is -1445746 - -23?
-1445723
In base 8, what is 112656 - -15255?
130133
In base 3, what is 221000021 + 110110012?
1101110110
In base 7, what is 5 + 12313246032?
12313246040
In base 5, what is 13143214 - 1233?
13141431
In base 8, what is -1215371 + -64?
-1215455
In base 4, what is 100002132321 + -213?
100002132102
In base 3, what is 2012021101101100 + -11?
2012021101101012
In base 11, what is -127a1512 - 3?
-127a1515
In base 11, what is 4 - -444182a?
4441833
In base 14, what is 313987 - bd?
3138a8
In base 7, what is 2401 - 10306105?
-10303404
In base 12, what is 62ba2a36 + 3?
62ba2a39
In base 15, what is 14dd - 1623?
-135
In base 5, what is 12222 - -2340204?
2402431
In base 13, what is 67 - 331223?
-331189
In base 13, what is 2799 + 7838?
a304
In base 9, what is -2108456 + -675?
-2110242
In base 13, what is a0c5b51 - 2?
a0c5b4c
In base 2, what is 11111 + -101111001001100001?
-101111001001000010
In base 16, what is 9 + -4a35bf?
-4a35b6
In base 4, what is -1321321111311 + 11?
-1321321111300
In base 14, what is 25 - -187309?
187330
In base 5, what is 24 - -202113024?
202113103
In base 16, what is 5f + 65e52?
65eb1
In base 16, what is 4fe - f3e2?
-eee4
In base 4, what is -133303000 - -1200?
-133301200
In base 9, what is -3 - 12848037?
-12848041
In base 13, what is 5 - 5114ac?
-5114a7
In base 9, what is -340453082 - 5?
-340453087
In base 16, what is -6263 - 59?
-62bc
In base 13, what is 2 - 182c167?
-182c165
In base 14, what is 18274c63 - -1?
18274c64
In base 8, what is 13753 + 125567?
141542
In base 13, what is -529c - -4b?
-5251
In base 9, what is -11458182 - -23?
-11458158
In base 14, what is -122386 - -6?
-122380
In base 2, what is 11010011010010110101 - -1011?
11010011010011000000
In base 7, what is 2541 + 12005256?
12011130
In base 4, what is 103111121132 + 1?
103111121133
In base 6, what is 402524040 - 5?
402524031
In base 3, what is 12 - 202020122211221?
-202020122211202
In base 2, what is 110000001001010011 - -11110?
110000001001110001
In base 8, what is -6 + 14355775?
14355767
In base 6, what is -21210 - -1253555?
1232345
In base 10, what is 1 - -305247268?
305247269
In base 10, what is -83 - -25254?
25171
In base 3, what is -20002111202201 + 10222?
-20002111121202
In base 11, what is 4 - 50518516?
-50518512
In base 11, what is -259686 - 73?
-259749
In base 3, what is 11120212211212102 + 2?
11120212211212111
In base 9, what is 8 - 68227768?
-68227760
In base 12, what is 54b3 - -a40?
6333
In base 4, what is -22 - -223011021?
223010333
In base 12, what is 1 + -38116140?
-3811613b
In base 11, what is 1 - 4a078419?
-4a078418
In base 9, what is -32244183 - 3?
-32244186
In base 14, what is 3 - -448442?
448445
In base 14, what is 102cd826 - -8?
102cd830
In base 4, what is 10101211211323 + 10?
10101211211333
In base 13, what is -5060912 - -3?
-506090c
In base 13, what is -976163 + 2?
-976161
In base 10, what is 1413665 - 64?
1413601
In base 8, what is -73 - 127757?
-130052
In base 7, what is -1254506 + -2131?
-1256640
In base 5, what is -2 + 302041000?
302040443
In base 7, what is 425463 - -4653?
433446
In base 15, what is 18b05 + -54e?
185a6
In base 11, what is -68 - 293a6?
-29463
In base 4, what is 1120003230 - -12331?
1120022221
In base 5, what is 122110124421 - 10?
122110124411
In base 6, what is -5 + -20240124?
-20240133
In base 8, what is -575 + 567672?
567075
In base 13, what is -3a1c7772 - 1?
-3a1c7773
In base 3, what is -1112112 - -121120221021?
121112101202
In base 13, what is -584 + -2449c?
-24a53
In base 2, what is -1101111001001101111000 - -1011?
-1101111001001101101101
In base 11, what is 1036297 - -7?
10362a3
In base 10, what is -1408 - -27395?
25987
In base 10, what is 20536794 + -3?
20536791
In base 8, what is -417 + -257732?
-260351
In base 9, what is 6383 + -2357?
4025
In base 14, what is -1c059 - -ab?
-1bd8c
In base 13, what is 71b3337 - b?
71b3329
In base 6, what is 12 + 211403201?
211403213
In base 14, what is -250b55 + d?
-250b46
In base 2, what is 1101000101110011 - 1011010?
1101000100011001
In base 12, what is -7 - -688a?
6883
In base 13, what is -5 + 538224?
53821c
In base 4, what is 1102111231 - -13?
1102111310
In base 6, what is 23410425 + -1421?
23405004
In base 5, what is 13 - -110234332?
110234400
In base 9, what is 1 + 5078603?
5078604
In base 9, what is 143245 + -151?
143084
In base 11, what is -6 - 60074497?
-600744a2
In base 7, what is 34 - -2053313?
2053350
In base 14, what is 0 + -4441433?
-4441433
In base 4, what is -102320132101 - 10?
-102320132111
In base 11, what is -153878 - -21a?
-153659
In base 6, what is -2 - 50443155110?
-50443155112
In base 13, what is 8b6a - 904c?
-1b2
In base 10, what is -66614339 - 2?
-66614341
In base 8, what is 12 + -41026541?
-41026527
In base 15, what is -44 + b31d9?
b3195
In base 10, what is -10080 + 88?
-9992
In base 5, what is 1 - -14412410031?
14412410032
In base 10, what is -788644 - -3?
-788641
In base 5, what is 133220120 + 13433?
133234103
In base 16, what is 4 - -b0d9436?
b0d943a
In base 14, what is 116942 + -182?
1167a0
In base 9, what is 2172475 + 78?
2172564
In base 8, what is -274 + -241262?
-241556
In base 4, what is 10 - -21203122331213?
21203122331223
In base 6, what is -4 - -35032414?
35032410
In base 13, what 